 (-9 + 3 - -10).
23
Calculate -2 + -41 + -107 + 146 - 96.
-100
(53 - 12) + -24 - (-4 - -35)
-14
-79 - (8 - ((-12 - -56) + -22))
-65
What is -7 + (6 - 20) + (2 - -34)?
15
(-16 - (8 - 12) - -1 - 4) + -56
-71
Calculate -68 + -10 + 43 + 16.
-19
What is 8 + (-79 - -50) + -46?
-67
Calculate 4 + 1 + (72 - 277) + 143.
-57
Evaluate -8 + (3 - 1) - (-2 + (-44 - -53)).
-13
What is the value of (37 - 0) + (-42 - (2 + -31))?
24
Calculate -38 + (-5 - (27 - 71)).
1
Evaluate (-11 + 5 - -23) + 5 + -18.
4
What is 1346 + -1275 - (-27 + 0 + 2)?
96
What is the value of 10 + -15 - (-21 - (-11 - (9 - 23)))?
19
Evaluate 22 + (19 + -12 - 19) + -10 + -1 - 8.
-9
Evaluate (4 - ((-21 - -25) + -6 + 17) - 44) + 2.
-53
Evaluate -18 + 36 + (-10 + 6 + 5 - 94).
-75
Evaluate (-32 - (-4 - -34)) + 29 + 3.
-30
Evaluate 4 + 57 + -10 + 5 + -3 + 4 + 2.
59
Calculate 63 + 19 + -37 - 76.
-31
What is 0 + 1 - -61 - ((-52 - -3) + 26 + 30)?
55
What is the value of -451 + 422 + 0 + 19 + 36?
26
What is the value of -10 + ((0 - 20) + (-134 - -148) - -85)?
69
250 + (-354 - -151) - (167 - -1)
-121
Evaluate -314 + 199 + (-13 - -45).
-83
What is (-19 + -1 + 33 - 12) + -9?
-8
Evaluate -37 - -43 - (6 - -2) - (2 - (-1 + -41)).
-46
Calculate 4 - 0 - ((3 - 1) + -13) - (152 + -138).
1
(2 - -8) + -43 + 7
-26
What is the value of -67 - (37 + -21 + -7 + 11 + -17)?
-70
What is 8 - (110 + (-40 - -33))?
-95
Evaluate -3 + (-15 - -14) + (1 - 131 - (-5 - 5)).
-124
What is -36 + 19 - -31 - -24?
38
Calculate -9 - -10 - (-11 - (9 - 18 - -19)).
22
What is (4 + -17 - (4 - -11)) + -52?
-80
Calculate -87 + 2 + 153 - 40.
28
Calculate 144 + (-33 - 39 - -36) + 10.
118
Evaluate -145 - (8 - 203) - -15.
65
-146 - -91 - (26 + -136)
55
What is the value of -3 - (-81 + 22 - -32)?
24
What is the value of 11 - (0 + 34 + (-12 - -10 - 11)) - -75?
65
Evaluate -22 + -3 + 39 + (-2 - -2).
14
Evaluate 136 + -121 - -135 - 117.
33
(3 - 103) + 675 + -585
-10
Evaluate 2 + 30 - (-36 - -1 - (575 - 599)).
43
20 - (-122 + 40 + 88)
14
Evaluate -10 + 11 + -10 + 17 - (-54 - (3 - -1)).
66
(-31 - (-14 + 5)) + 28 + -10
-4
Calculate (-1 - (-5 + -1)) + (-1 - 6 - -3) - -5.
6
What is 57 + (15 - 30) + -13?
29
8 - (2 - -10 - 6) - (100 - 41)
-57
Calculate (6 - 24 - 7) + 23.
-2
Evaluate -13 + 36 + -32 - 3.
-12
Evaluate -8 + 98 + (-43 - -65) + -55.
57
Calculate (25 - 16) + -10 + 8.
7
What is the value of -84 - (11 - (-5 - (-19 + 7)) - 7)?
-81
Evaluate -19 - (150 + -11 + -81).
-77
Calculate -5 + (2 - 6) + 13 + 12 + 8 - 0.
24
Calculate -45 + -54 + 50 + -29 + 1.
-77
What is (4702 - 4726) + 31 + 0 + -2?
5
Calculate 30 + (23 - 18) + (8 - 1).
42
Evaluate (74 + -124 - 22) + 4.
-68
Evaluate 99 + (32 - -23) + -47.
107
What is 4 + (52 + -49 - (20 - (0 + (9 - 3))))?
-7
Calculate 73 + -9 + 1120 + -1167.
17
-456 + 569 - (58 + -11)
66
What is -57 + (-13 - 0) - -24?
-46
What is (58 - -3) + -21 + (-30 - -46) + -11?
45
Evaluate -12 + 10 + (4 - 17) - (-70 + -3).
58
Calculate -4 - -6 - (117 - (24 + 116)).
25
What is the value of (-136 - -38) + (-15 + -51 - -20)?
-144
What is the value of 13 - 19 - ((-70 - -41) + 29 + (1 - -38))?
-45
Evaluate 24 - (91 + -24) - -33.
-10
Calculate -172 + (-184 - -259) + -1 + -20.
-118
Evaluate 41 - (-4 + 0 + 28 + -23 + -1).
41
What is 18 + -17 - (-28 - -43 - (1 + -3))?
-16
What is (-119 - 43) + 64 - -53?
-45
0 + 219 - (-1993 - -2110)
102
What is the value of (32 - (15 - (-24 - -7))) + -25?
-25
What is -17 + 40 + (-128 - (-15 + -13))?
-77
Evaluate (-7 - (1 + -19 + 10)) + 13 + -1.
13
14030 - 14166 - (1 + -33 - -1)
-105
Calculate (1 - 2) + (14 - 0) + 18 + -31 + 29.
29
Evaluate 10 + ((-11 - 1) + -3 - (14 + -19)).
0
(-12 + 13 - 21) + (-16 - (49 - 16))
-69
What is 4 + (5 - 19) + -4 + 23 - 90?
-81
Evaluate -1 + 22 - (-85 - -49).
57
Calculate -80 - (-188 + 44 - -72).
-8
What is -9 + (26 - 3) + (-22 - (105 - 25))?
-88
What is 18 - -4 - (-8 - ((0 - -2) + -54 + 34))?
12
Calculate -25 + -28 + 32 - -9.
-12
What is the value of (5 - (5 - (5 + 4 - 6))) + 38 + -29?
12
26 - 10 - ((-5 - 9) + 14 + -12)
28
What is (104 - 98) + (1 - (-4 - -6 - -4 - -55))?
-54
What is 15 + 15 + -39 + 42 + -18?
15
Calculate 21 - (9 + -6 + 16 - -6) - -11.
7
Calculate -68 + (-1 - 0) - (29 + -38 + -2).
-58
Calculate -69 + 2 + 4 + (44 - 52).
-71
What is the value of -22 + -5 + (-37 - -67)?
3
Evaluate 13 + -42 + 25 + 13 - -20.
29
Evaluate -1 - -2 - (11 + 1) - (61 + -679 + 513).
94
(32 - 176) + 56 - -141
53
What is the value of (3 + 21 - (22 - (-3 + -65))) + 17?
-49
26 + (30 - 72) + 7 - -32
23
Calculate -3 - 59 - -2 - (164 + -40 - 137).
-47
Calculate (245 + -220 - 46) + (-46 - 1).
-68
Calculate 61 - (2 - -18) - 20 - -2.
23
Evaluate 4 + -2 + 0 + (39 - -48 - 92).
-3
(-2 - 47) + (2 - -19 - (142 + -140)) + -14
-44
1 + -12 + (-47 - -56) + -43 - -2
-43
What is 65 + (24 + -11 - (-46 + 16))?
108
What is 3 - -6 - ((33 - 20 - 19) + 20)?
-5
Calculate 99 + (-11 - 2) + -1 + (62 - 129 - -83).
101
Evaluate (-26 + 92 - 25 - 133) + 37.
-55
What is -9 - ((-60 - -29) + 38)?
-16
-19 + 0 - (-46 + 31 + 17)
-21
-16 + (11 - (6 - -1) - -8)
-4
Calculate -22 + 2 - 2 - (5436 - 5470).
12
Evaluate -8 - ((-1 - 2) + (69 - 65)) - (19 + 2).
-30
1 - -20 - (38 + -5 + 1 + -17 - 6)
10
Evaluate -161 + (19 - 1 - -4) + -2 + 4 - -5.
-132
What is 8 + -11 - ((20 - (12 + -6)) + 5 - 4)?
-18
What is the value of (-6 - (11 + -16) - -45) + (6 - 4)?
46
What is the value of 0 - -3 - ((-104 - -18) + 93) - 51?
-55
What is the value of (-5 - -12) + 16 + (45 - -1)?
69
What is (-5 - (1 + 17)) + 4 + 45?
26
Calculate 39 + ((-99 - -108) + 1 + 0 - 13).
36
Evaluate 16 + 15 - (46 + 14).
-29
What is the value of -12 - (8 - 15) - (29 - 9) - (-1 - 3)?
-21
Calculate (0 - -29) + 1 + (-166 + 324 - 173).
15
Calculate (175 - 204) + 10 + 1.
-18
What is (-11 - 51) + 2 + 111?
51
Calculate (5 - -76) + -48 - 86.
-53
43 - (-3 + 1 - -39)
6
-200 - -195 - (4 + (10 - -16))
-35
Calculate 80 + 29 + 12 + -73.
48
Calculate -750 + 642 + (18 - (-11 + 12)).
-91
Calculate 31 - (29 - (31 + -29)).
4
What is the value of (0 + -3 - -49) + (-5 - -7) + -2 + -6?
40
Evaluate -2 + -7 + 21 - (-84 - -73).
23
-17 + -21 + 5 - (-2 + -1)
-30
(4 - (-49 + 16)) + 5
42
What is (-19 - -26 - 18) + 11 + 9 + -3?
6
Evaluate (1505 - 1529) + 2 + 51.
29
What is (-47 + 174 - 77) + 12?
62
Evaluate 1 + (-5 - -31) - (-11 - -34 - 16).
20
(-131 - (62 - 135)) + (-4 - (-1 + -1))
-60
What is the value of (19 + (39 - 65) - (-36 - 1)) + (1 - 6)?
25
Calculate 3 + -34 - (-83 + 45).
7
Evaluate (-272 - -125 - -214) + -112.
-45
What is the value of -397 + 247 + (56 - -6)?
-88
What is the value of 10 + (20 - 15) - 34 - -21 - (-1 - 24)?
27
-8 - (52 - (-11 + -1 - (-135 - -123)))
-60
Calculate (113 - 0) + (14 + -4 + 19 - 24) + 8.
126
Calculate (-22 - (-14 - -29)) + -36 + 32.
-41
Evaluate -8 + (-2 - 7 - -16) - (43 - 1).
-43
What is the value of -49 + 33 + -5 + 12?
-9
Evaluate -28 + (36 + -14 - 10) - -26.
10
Evaluate 89 + -5 + (9 - -22) + -41.
74
Evaluate -20 + 8 + (243 - 274).
-43
Calculate -66 + (10 - (9 + (-2 - (5 + -5))) - 1).
-64
What is the value of 10 - (-44 - (-9 - 35))?
10
What is -8 + 25 - (-2 + (-18 - -14))?
23
What is the value of -1 - (-15 + -6 + 12 + -6)?
14
Calculate -166 - -226 - (-1 + 176).
-115
What is the value of -16 + 45 - -47 - 40?
36
45 + (32 + -77 - -11)
11
What is 168 + -139 + -54 + (-31 - -3)?
-53
What is -9 + (13 - 7) + (-43 - -33) - -41?
28
What is 27 - -33 - -62 - (1 + 2 + 16)?
103
(-13 - (36 + 15 + -38)) + 1
-25
What is (2 - 1 - 22) + (826 - 802)?
3
What is (1 - (12 - -1)) + (4178 - 4128)?
38
Calculate (19 - 15 - (4 - 0)) + 13.
13
Calculate 59 + 0 - (-75 + -53 + 146).
41
What is (-84 - 1 - (4316 + -4368)) + 1 + -14?
-46
Evaluate (-10 - (8 - 22)) + (-13 - -8 - 6).
-7
(-2 + -4 - -55) + -17 + -2
30
Evaluate 50 - (50 + 4) - (4 - 3 - 56).
51
What is the value of 75 + -1 + (4246 - 4409)?
-89
What is the value of 50 + (3 + -1 - (36 - (30 + -6)))?
40
Evaluate 17 + (-48 - -30) - 30.
-31
-27 + 1 + (28 - (73 + -60)) - -48
37
What is 182 + (-209 + 9 - -71)?
53
What is -96 - ((35 - 6) + (-48 - 0))?
-77
What is 42 + -32 + 22 + -11?
21
Evaluate (12 - (-8 - -74)) + -170 + 152.
-72
Calculate (-1 - -1 - (-2 - 41)) + (-203 - -191).
31
(-3 + -27 - (13 + 3 + -20)) + 11
-15
-5 + 5 + -3 - -20 - (4 + -63)
76
What is the value of 16 - (1 + (32 - -15))?
-32
3 + -45 + -647 + 673
-16
Evaluate -1 - ((12 - 40) + 72).
-45
Wh